(-8)*576/54 is divided by 27?
15
Suppose -8*r + 6*r = -b - 22, 8*r = -4*b + 104. What is the remainder when 495 is divided by r?
3
Let p = 30 + -76. Let x = p - -49. What is the remainder when 8/(-6) - (-169)/x is divided by 28?
27
Let o = 3913 + -1576. Calculate the remainder when o is divided by 6.
3
Suppose 207*w - 166*w = 2132. What is the remainder when 2387 is divided by w?
47
Suppose 0 = -88*a + 79*a - 36. Calculate the remainder when a/5 + (-154)/(-5) is divided by 11.
8
Suppose -53*p - 5*b = -50*p - 44, 0 = 2*p - 3*b - 42. Suppose 2*g - g + 117 = f, 5*f + 4*g = 612. What is the remainder when f is divided by p?
12
Suppose 11*w - 136 = 11*w - w. What is the remainder when 945 is divided by w?
129
Let o(n) = -n**2 + 12*n - 22. Let z be o(7). Let c(l) = -l**3 + 12*l**2 + 16*l. Calculate the remainder when c(z) is divided by 16.
7
Suppose w - 18 = h, -5*w - 5*h + 106 = -6*h. Let u(f) = -2*f - 23. Calculate the remainder when (w/(-8))/((40/32)/(-5)) is divided by u(-14).
1
Let o(w) = 2549*w**2 - 919*w + 920. What is the remainder when o(1) is divided by 52?
2
Suppose 7 - 166 = -4*q - 3*m, -5*m = 4*q - 161. Suppose -66*h + 61*h = -375. What is the remainder when h is divided by q?
36
Suppose 18*o - 1035 = -9*o - 18*o. Calculate the remainder when 404 is divided by o.
13
Let a = 15351 - 14526. What is the remainder when a is divided by 52?
45
Suppose q + 22 = -16. Let a = q - -61. Calculate the remainder when (804/3)/(8/2) is divided by a.
21
Suppose -4*w + 21 = -3. Let v = -601 - -598. Calculate the remainder when 19 is divided by 9 - v/w*-2.
3
Calculate the remainder when ((-13 - -5) + -3)/((-14)/1414) is divided by 227.
203
Suppose k = 2*m - 13, 0 = -8*k + 3*k - m - 21. Let j be -1 - 342/(-190)*60/(-9). What is the remainder when -2 + 17*(k - j) is divided by 15?
14
What is the remainder when (-4056)/(-21) - (816/(-119) + 7) is divided by 65?
63
Let j(s) = -44*s + 10. Suppose -43*k - 14*k + 9*k + 624 = 0. Calculate the remainder when j(-13) is divided by k.
10
Suppose -g - 408 = -4*o, 3*o - 2*g - 198 = o. Let u(m) = -20*m - 5. Let w(n) = 4*n - 22. Let z be w(5). Calculate the remainder when o is divided by u(z).
33
Suppose 452 + 136 = 7*c. Suppose 4*u - 185 + 25 = 2*a, 0 = -2*u - a + c. What is the remainder when 81 is divided by u?
40
Suppose 8 + 10 = 6*c. Suppose 3*q = -5*w + 263, w = -c*q - 3*w + 265. What is the remainder when q is divided by (0 - -29) + (-4)/(-2)?
29
Let s(p) = -p + 6. Let u be s(6). Suppose u*c = c - 30. Let h(t) = -89*t - 1496. What is the remainder when c is divided by h(-17)?
13
Let n = 1071 - 1062. Let i = -38 - -54. What is the remainder when i is divided by n?
7
Let s(o) = 8*o**2 - o - 1. Calculate the remainder when s(3) is divided by (-150)/20*(3 - 99/15).
14
Let b = 1317 - 1199. Calculate the remainder when 578 is divided by b.
106
Let p = 908 - 157. Calculate the remainder when p is divided by 191.
178
Let b = 2177 + -2122. Calculate the remainder when 231 is divided by b.
11
Suppose 0 = -3*j + 138 - 147, 2*f = 2*j + 1666. What is the remainder when f is divided by 40?
30
Let y(x) = 3*x**3 - 48*x**2 + 5*x - 57. What is the remainder when 123 is divided by y(16)?
8
Suppose -66*y + 43132 = 16*y. Calculate the remainder when y is divided by 171.
13
Let q(o) = -9*o - 395. Calculate the remainder when 500 is divided by q(-47).
24
Suppose -82 = -17*f + 15*f. Let p(l) = 12*l**2 - 4*l**2 - 21*l**3 - 21*l**3 + f*l**3 - 7 + 5*l. Calculate the remainder when p(8) is divided by 7.
5
Calculate the remainder when 1039 is divided by (-867 + 7)/(-5) + 3.
164
Let c(z) = z**3 - 4*z**2 + 9*z - 1. What is the remainder when 703 is divided by c(4)?
3
Let t be (-2)/1 + (-4)/(-1). Suppose 2*f - 434 = -t*n, -4*n + 5*f + 886 = -0*f. What is the remainder when n is divided by 55?
54
Let g = -3081 - -3106. Let b = 384 + -223. Calculate the remainder when b is divided by g.
11
Let g = 7180 + -7068. What is the remainder when 176 is divided by g?
64
Suppose -6 = -2*k + 4. Let h(q) = 7*q. What is the remainder when ((-60)/(-225))/(118/60180) is divided by h(k)?
31
Suppose -5*h + 0*h = -2*c + 153, -4*h - 233 = -3*c. Let s = 624090 + -623846. What is the remainder when s is divided by c?
7
Suppose 3*k - 3*z = 2*k + 30, 0 = -6*k - 2*z + 200. What is the remainder when k is divided by 19?
14
Suppose 1862 = -30*v + 11*v. Let i = -83 - v. What is the remainder when i is divided by 9?
6
Let f be (-46 + 40)*(-2)/4. Suppose -6*j + 4*j + f*k = -184, -5*j + 441 = 2*k. Calculate the remainder when j is divided by 21.
5
Suppose -2*p + 36 = -252. Suppose -r = 3*u + 10, 3*r = -24*u + 27*u + 18. Suppose -p = -4*f - r*f. Calculate the remainder when f is divided by 7.
3
Suppose 4*c - 217 = -5*u, u + 307 = 8*u + 4*c. What is the remainder when u is divided by 34?
11
Let b be 5 + (-7)/((-14)/(-6)). Let f(x) = 33*x**2 - 18*x + 33. What is the remainder when f(b) is divided by 11?
8
Let b(o) = -470*o + 869. What is the remainder when b(1) is divided by 27?
21
Let k be (2/12)/(9/6102). Let r = k + -47. Calculate the remainder when r is divided by 24.
18
Let o = -51 - -83. Let r = o + -29. Suppose 2*c + s = 163, 3*c - r*s = 177 + 72. What is the remainder when c is divided by 21?
19
Suppose 0 = -2*u - 16, -3*u - 11*u = -4*y + 11496. What is the remainder when y is divided by 168?
158
Let i = 961051 - 961035. What is the remainder when i is divided by (-18)/(-4)*(2 + 0)?
7
Calculate the remainder when (-5 + 9)/((-2)/(74/(-1))) is divided by 17.
12
Let i = -10998 + 11032. Suppose -5*r - 117 = -4*t - 745, 3*r - 3*t - 375 = 0. Calculate the remainder when r is divided by i.
26
Suppose -12*t = -5*t + 763. Let y = t - -130. Let b = 332 - 229. What is the remainder when b is divided by y?
19
Suppose 12 - 96 = -7*c. Let q = -52 - -118. Calculate the remainder when q is divided by -3 + (-25)/(-15)*c.
15
Suppose 3*w = 4*j + 109, 11*j - 38 = -w + 12*j. Suppose -2*z + 5*f = -w, 3*z - 13 - 23 = -2*f. Calculate the remainder when z is divided by 5.
4
Let l(p) = 4*p**2 - 48*p + 253. Calculate the remainder when l(11) is divided by 43.
37
Suppose 20*t + 1150 = 270. What is the remainder when (-1 - t) + (-30)/(-10) is divided by 4?
2
Suppose -22*n + 1563 = -10449. Let v = n - 514. What is the remainder when 143 is divided by v?
15
Calculate the remainder when 740 is divided by 5 + ((-722)/4)/(((-182)/(-28))/(-13)).
8
Suppose -r - 3*j = 0, -5*r + 5*r = j. Suppose -4*l - 3*s + 23 = r, -2*s = -5*l + 6*l - 7. What is the remainder when 189 is divided by l?
4
Suppose 3*z = 0, -4*d - 4*z - 69 + 301 = 0. What is the remainder when 473 is divided by d?
9
Suppose 24*m - 308 = 250 - 30. Calculate the remainder when 3078 is divided by m.
20
Let d(s) = 1070*s**2 - 257*s + 510. What is the remainder when d(2) is divided by 69?
67
Suppose -934*o + 1665 = -823*o. Suppose 0 = 2*v - q - 360, 4*q - 162 = -v + 9. What is the remainder when v is divided by o?
14
Let a = 584 - 584. Let z(j) = 8*j**2 - 2*j - 1. Let s be z(-4). Suppose a = 10*m + 35 - s. Calculate the remainder when 27 is divided by m.
7
Suppose -7*x - 391716 = -11*x - 89*x. Calculate the remainder when x is divided by 68.
64
Suppose -3*c + 6*t - 5*t + 6 = 0, -3 = -t. Suppose -x = 3*x - 1016. Suppose o - x = -3*o - r, 0 = c*r - 6. Calculate the remainder when o is divided by 22.
19
Suppose 387 = 40*j + 338 - 391. Calculate the remainder when 11711 is divided by j.
7
Let q(y) = 11*y - y - 3*y**2 - 8 + 2*y**2. Let u(g) = -60*g + 1095. Calculate the remainder when u(18) is divided by q(8).
7
Suppose -129 + 1421 = -3*s + 5*s. Calculate the remainder when s is divided by 122.
36
Let b(o) be the third derivative of -17/6*o**3 + 43*o**2 + 7/12*o**4 + 0*o + 0. Calculate the remainder when b(15) is divided by 13.
11
Suppose 2*i + 37 = 305. Let t = i - 80. Let o = t - -2. What is the remainder when o is divided by 19?
18
Suppose 5*c - 756 = 109*z - 105*z, 10*c = 4*z + 1536. What is the remainder when c is divided by 13?
0
Let m(d) = -3*d**2 - 72*d + 1. Let z(y) = -y**2 - 36*y. Let n(w) = -2*m(w) + 5*z(w). What is the remainder when 242 is divided by n(37)?
32
Let m(a) = -a**3 + 14*a**2 + 109*a - 1020. Calculate the remainder when m(9) is divided by 8.
6
Let y = 37 - -17. Calculate the remainder when y is divided by (-10 - -9)/(1/(-11))